x(r). Let y(m) = -18*m + 9. Let f(i) = -4*q(i) + y(i). Is f(-4) composite?
True
Let u(x) = -x**3 - 8*x**2 + x - 1. Is u(-9) prime?
True
Is (-5 - 161/(-14))/((-2)/(-892)) prime?
False
Let t(r) = -82*r - 20. Is t(-7) a composite number?
True
Let h(k) = k**2 + 6*k. Suppose 12 = -3*q - 6. Let n be h(q). Suppose 5*o = b + 3*b + 201, -2*o + 3*b + 86 = n. Is o composite?
False
Let f(l) = l + 2. Let x be f(0). Suppose i = -x*i + 228. Suppose -2*s + s - 2 = 0, 2*h = 5*s + i. Is h a composite number?
True
Let t be (-3)/(-4)*2*-6. Let p = 31 + -15. Let n = p - t. Is n composite?
True
Let f = 36 + -28. Let q be (2 - (-10)/(-4))*0. Suppose o - f + 4 = q. Is o composite?
True
Let l = 12 + -6. Suppose 2*t = -3*h - 15, 2*t + l = -0*t. Is (36 - 2 - h)*1 composite?
False
Let d = -2866 - -4365. Is d composite?
False
Suppose -4*y - 5*n = -y - 4424, -4*n + 1477 = y. Suppose -4*k = -71 - y. Let w = -247 + k. Is w prime?
True
Suppose 3*t + 776 = 5*k, 0 = -2*k + k + 4*t + 145. Suppose 91 = 4*a - k. Suppose 5*u - a - 103 = 0. Is u composite?
True
Let u = -65 - -11. Is -10 + 7 + u/(-1) composite?
True
Let n = 5807 + -3588. Is n prime?
False
Suppose -j - 3*n = n + 12, 0 = 2*j + n - 11. Let i be ((-26)/j)/((-4)/(-32)). Let d = i - -63. Is d prime?
True
Suppose 3*w + 5*j - 127 = 88, 0 = 3*w + 2*j - 212. Suppose r - 3*r = -w. Is r a prime number?
False
Is ((-1243)/(-44))/(1/12) a prime number?
False
Let z be 5/(-2)*(-36)/30. Suppose -2*c + 25 = z*p, -3*p - 2*p = -5*c. Suppose -3*y + 829 = 4*n, 2*n + y + 612 = p*n. Is n composite?
True
Let q(r) = -r**3 + 15*r**2 - 6*r + 3. Let f(v) = v**3 - 12*v**2 - 12*v - 3. Let s be f(13). Is q(s) composite?
False
Let q(u) = 64*u**2 + 3*u - 3. Suppose -5*f + 3*f - 4*v = -8, 3*f = -3*v + 9. Is q(f) prime?
False
Is 997/5 - (-10)/(-25) a prime number?
True
Let y be 81/(-6)*2/1. Let u = -49 - -89. Let i = y + u. Is i a composite number?
False
Let o = 4 - 2. Suppose r + 52 = -f + 4*r, o*r = 3*f + 149. Let t = f + 84. Is t prime?
False
Let d be (-1)/5 + (-3064)/(-20). Suppose -3*s + 4*x = 2*s - d, -5*s = 2*x - 171. Is s a composite number?
True
Let i(m) be the third derivative of m**6/120 + m**5/20 - m**4/8 + 5*m**3/6 + 4*m**2. Let g be i(-4). Is (2/(-6))/(g/(-573)) a composite number?
False
Suppose 0 = 3*f - 0*f. Let n(t) = 2 + 2*t**2 + f*t**2 + t**2 + t. Is n(-3) a prime number?
False
Let f(d) = d**3 - 6*d**2 - 2*d + 8. Let n be f(7). Suppose w - 128 = -n. Is w prime?
False
Let g(w) be the third derivative of -w**6/120 - w**5/10 - 5*w**4/24 - 2*w**3/3 + w**2. Let s be g(-5). Is (s/10)/((-1)/15) prime?
False
Suppose -2*d + 2598 = 2*y, -3*y + 2*y + 5*d = -1299. Is y composite?
True
Let y = -475 + 666. Is y a prime number?
True
Let v = -15 + 17. Let b = 0 + 12. Is v/8 + 81/b a prime number?
True
Let h(b) = -132*b - 21. Is h(-6) a composite number?
True
Let d(s) = s**2 - 4*s - 7. Let k be d(6). Suppose 25 = w - 2*o - 33, 290 = k*w - o. Is w composite?
True
Let l = 2 - 0. Let k be l + 2/(-1)*1. Is k*(-3)/(-6) - -22 a composite number?
True
Suppose -3*f = -0*f. Suppose 5*o - 12 = 3*i + 7, f = -5*o + 25. Is (2 - i - 1)*-35 a composite number?
True
Suppose q - 3*z = -2, -24 = -5*q - 4*z + 4. Suppose 2*d - q*d = 28. Is ((-161)/d)/(2/12) a composite number?
True
Let z(p) = 12*p**2 - p + 1. Let s be z(1). Let t be (-260)/(-6)*s/10. Suppose -t = -q - q. Is q composite?
True
Let x(q) = -q**2 + 7*q + 3. Suppose -35 + 0 = -5*t. Let g be x(t). Is 103/g + 4/6 a composite number?
True
Let p(b) = -b**3 + 9*b + 1. Is p(-6) a composite number?
False
Let u be (2/(-3))/(2/846). Let f = u + 469. Is f a prime number?
False
Let c(m) = 2*m - 2. Let z(w) = w. Let u(x) = 2*c(x) + 2*z(x). Let j be u(6). Suppose -47 = -h + j. Is h a composite number?
False
Let v(n) = -n**3 + 6*n**2. Let l be v(6). Let w be (3 + (l - 3))/2. Suppose -h - 4*h + 75 = w. Is h prime?
False
Suppose -2*c - 28 = -4. Let n be 222/c*(2 - 0). Let v = -26 - n. Is v a prime number?
True
Let n = 5 - 3. Suppose 0 = 2*w + n*w - 188. Is w composite?
False
Suppose 3*b - 3*o = 0, 5*b + 5*o = -0*o. Suppose -j + 1 = 0, c + 5 = 3*c - j. Let l = c + b. Is l composite?
False
Let r(u) = -6*u**3 + 4*u**2 - 4*u - 256. Let p(v) = -7*v**3 + 5*v**2 - 5*v - 257. Let d(b) = 5*p(b) - 6*r(b). Is d(0) composite?
False
Suppose 2*g - 4 = 5*z, -4*z + 5*g + 2 = -5. Suppose 11*h + 105 = 12*h. Is z*(h/(-6) + 0) a prime number?
False
Suppose -218 = -2*h + m + 210, 3*h - 632 = 4*m. Let j = h - 55. Is j prime?
False
Suppose 2*s - 4*f - 6792 = -2*s, 3371 = 2*s + 3*f. Is s prime?
True
Let w = 8 + -5. Suppose w*i = i. Suppose -3*o - g = -i*g - 574, -4*g + 4 = 0. Is o a prime number?
True
Suppose t + 2*t = 6. Suppose -t*d = 2*d - 3*c - 339, -5*d + c + 432 = 0. Suppose k + 2*j = 29, -4*k + 2*j = d - 223. Is k a prime number?
False
Suppose 5*a - 8 = 7. Suppose 3*z - 601 = 2*n, 4*n - 219 = a*z - 4*z. Is z composite?
True
Let a(j) = 75*j - 4. Is a(5) prime?
False
Suppose 5*n - 175 = -5*q, 0 = -0*n + n + 4*q - 41. Is n a composite number?
True
Let f = 31 - 7. Suppose f = 4*c - 7*c. Let s = c - -45. Is s prime?
True
Let b = 918 - -1309. Is b composite?
True
Let i(n) = 5*n**2 + 7*n + 1. Let g(j) = -j**3 - 8*j**2 - 5. Let w be g(-8). Is i(w) composite?
True
Let i(a) be the first derivative of -a**4 - a**2/2 + a - 2. Let q be i(-2). Suppose 0 = -3*f + q + 160. Is f prime?
False
Let j = 11 - 15. Let t(z) = 10*z**3 + 12*z**2 + 2*z - 4. Let h(k) = 7*k**3 + 8*k**2 + k - 3. Let i(v) = 7*h(v) - 5*t(v). Is i(j) a prime number?
True
Is (-56634)/(-14) + (-20)/70 a composite number?
True
Suppose 0 = 2*f + f - 15. Suppose 0 = f*k - 53 + 3. Suppose 2*v = 7*v - k. Is v composite?
False
Let l = -2 - -11. Let d be 2 + 6/l*-3. Suppose d = -p + 6*p - 65. Is p a prime number?
True
Let d = 8 - 4. Let b(k) = -k**2 + 6*k - 4. Let z be b(d). Suppose 8 = h - 2*t, -z*t = -5 - 7. Is h composite?
True
Let m = 140 - -69. Is m composite?
True
Is (42 - 0) + 5/5 + 0 a prime number?
True
Let q = 37 - 2. Is q a prime number?
False
Suppose -7*m = m - 18856. Is m composite?
False
Let n = 578 - -635. Is n a prime number?
True
Suppose 69 = 4*j - 47. Let i = j - 7. Is i a prime number?
False
Is 11 - 13 - 259*-1 prime?
True
Is (0 - 1105/(-15))/((-1)/(-3)) prime?
False
Let b(q) = 56*q - 43. Is b(5) prime?
False
Suppose 0 = -v - 3*y - 6, -4*v - 2 = 4*y - 3*y. Suppose v = -0*j - 3*j + 627. Is j a composite number?
True
Let v = 1 + 1. Suppose -5*x = -3*x + v*t - 4, -x - 4*t + 2 = 0. Is 37/((-3 + x)*-1) prime?
True
Suppose -5*q = -3*q - 474. Suppose -q - 210 = -3*p. Is p prime?
True
Suppose 3*f - 17 = -t, 4*f - 5 = t + 13. Let w be 3068/20 + 3/f. Suppose -w = u - 3*u. Is u a composite number?
True
Is (-2 - (-10)/4) + (-965)/(-10) a prime number?
True
Suppose -4*r - 2014 = 1542. Let p = -575 - r. Is p a composite number?
True
Suppose -2*r = -6*r - 124. Let j be (2 - 1)*(0 - r). Suppose -5*d + j + 24 = 0. Is d composite?
False
Let d = -1838 - -2707. Is d prime?
False
Suppose 4*f + 0*f - 2736 = 0. Suppose f + 320 = 4*g. Is g prime?
True
Suppose -2*l + 1965 = 5*f, 2*f - 5*l - 1539 = -2*f. Is f a composite number?
True
Let w(u) = 10*u**2 - 15*u - 33. Is w(-16) a composite number?
False
Is 2661*(4 - (-55)/(-15)) a prime number?
True
Suppose -t - t + 1534 = 0. Suppose 4*u + s = 4392, 2*u + 5*s - 1411 = t. Is u a composite number?
True
Suppose -6*u - 5*r + 72 = -5*u, 5*r = -10. Is u a prime number?
False
Let h = 150 - -11. Suppose 0 = 3*a - 2*a - h. Is a composite?
True
Let r(u) = -19*u**2 + 22*u**2 + 1 + 31*u - 30*u + 42*u**2. Is r(1) prime?
True
Suppose 0 = -2*n + 17 + 5. Suppose -3*v - 1 = -2*i, 0*v - 4*i + n = -3*v. Suppose v*p - 242 = p. Is p prime?
False
Let a(s) = -127*s + 3. Is a(-4) a prime number?
False
Is (-3508)/(-6)*12/8 composite?
False
Let s(i) = -11 + 11*i + 0*i**2 - i**2 + 12*i. Is s(11) composite?
True
Let x = -41 + 130. Is x prime?
True
Suppose -3*w + 13 = v, 7 = -4*v + 3*w - 1. Suppose s - v = -3. Is s/(2 + -6)*74 a composite number?
False
Let o(g) = -g**3 + 6*g**2 - 6*g + 3. Let s be o(5). Let a(l) = -l**2 - 2*l - 1. Let t be a(s). Is t/4 - 186/(-8) composite?
False
Suppose h + 970 = -2*u - 3*h, -h + 2381 = -5*u. Let s = u - -837. Suppose 5*a - s = -4*c, 0*c - c - 2*a + 87 = 0. Is c a prime number?
False
Let q(m) = 2*m**2 - 7*m - 13. Is q(-7) a prime number?
False
Let j